 and 64.
4
What is the greatest common factor of 13 and 11?
1
Calculate the greatest common factor of 51 and 187.
17
Calculate the greatest common factor of 528 and 1200.
48
Calculate the highest common factor of 20 and 672.
4
What is the highest common divisor of 45 and 333?
9
Calculate the highest common factor of 53 and 53.
53
What is the highest common divisor of 57 and 2033?
19
What is the highest common factor of 111 and 37?
37
Calculate the highest common divisor of 1300 and 10.
10
Calculate the greatest common divisor of 19110 and 7.
7
Calculate the greatest common factor of 18 and 774.
18
Calculate the greatest common factor of 220 and 132.
44
Calculate the greatest common factor of 2375 and 40.
5
What is the greatest common factor of 2472 and 24?
24
What is the highest common factor of 784 and 688?
16
Calculate the greatest common factor of 113 and 4.
1
What is the highest common divisor of 6 and 102?
6
Calculate the highest common factor of 754 and 858.
26
What is the greatest common factor of 15 and 6165?
15
What is the highest common factor of 905 and 1267?
181
What is the highest common factor of 1233 and 63?
9
Calculate the greatest common divisor of 15 and 255.
15
What is the greatest common divisor of 36 and 117?
9
Calculate the greatest common factor of 56 and 21.
7
Calculate the highest common divisor of 364 and 84.
28
What is the greatest common factor of 22 and 319?
11
Calculate the highest common factor of 11 and 341.
11
Calculate the greatest common divisor of 231 and 105.
21
Calculate the greatest common divisor of 19 and 57.
19
What is the highest common factor of 33 and 2233?
11
What is the greatest common factor of 72 and 234?
18
What is the highest common factor of 30654 and 36?
18
Calculate the greatest common factor of 46 and 39399.
23
Calculate the greatest common divisor of 8 and 19744.
8
What is the highest common divisor of 288 and 2646?
18
Calculate the highest common factor of 145 and 4959.
29
What is the highest common divisor of 1053 and 312?
39
Calculate the highest common divisor of 342 and 18.
18
Calculate the highest common divisor of 4092 and 1705.
341
Calculate the greatest common factor of 93 and 62.
31
What is the highest common divisor of 11 and 11?
11
What is the highest common factor of 1717 and 909?
101
What is the greatest common divisor of 2929 and 202?
101
Calculate the highest common divisor of 40 and 328.
8
Calculate the greatest common factor of 48 and 3180.
12
Calculate the greatest common factor of 178 and 801.
89
Calculate the greatest common factor of 256 and 48.
16
Calculate the greatest common factor of 140 and 574.
14
What is the highest common divisor of 11 and 2?
1
Calculate the highest common divisor of 94 and 141.
47
What is the highest common factor of 136 and 8636?
68
What is the greatest common divisor of 360 and 126?
18
Calculate the highest common factor of 1067 and 55.
11
What is the highest common divisor of 6336 and 2688?
192
Calculate the highest common factor of 1072 and 670.
134
Calculate the highest common divisor of 7359 and 66.
33
What is the highest common factor of 20 and 340?
20
What is the greatest common factor of 12 and 54?
6
What is the highest common divisor of 87 and 145?
29
Calculate the highest common divisor of 29779 and 97.
97
Calculate the greatest common divisor of 5800 and 435.
145
What is the greatest common divisor of 1696 and 96?
32
Calculate the greatest common divisor of 26 and 676.
26
What is the greatest common factor of 1088 and 128?
64
What is the highest common divisor of 96 and 1?
1
What is the greatest common factor of 3698 and 688?
86
Calculate the highest common factor of 17 and 4811.
17
Calculate the greatest common divisor of 110 and 80.
10
What is the greatest common divisor of 270 and 22086?
54
What is the highest common factor of 6444 and 72?
36
Calculate the greatest common factor of 585 and 325.
65
What is the highest common divisor of 56 and 252?
28
What is the highest common divisor of 71 and 4189?
71
Calculate the highest common factor of 125 and 1125.
125
What is the greatest common divisor of 6 and 1?
1
What is the greatest common divisor of 9 and 174?
3
What is the greatest common factor of 464 and 1972?
116
What is the highest common divisor of 138 and 12?
6
What is the highest common divisor of 40434 and 138?
138
Calculate the greatest common factor of 4 and 172.
4
Calculate the highest common divisor of 6 and 117.
3
What is the highest common factor of 474 and 6?
6
Calculate the highest common divisor of 16 and 2384.
16
Calculate the highest common divisor of 10 and 215.
5
What is the greatest common divisor of 440 and 550?
110
What is the greatest common divisor of 17 and 3?
1
What is the greatest common factor of 55 and 20?
5
What is the greatest common factor of 1664 and 16?
16
What is the highest common factor of 138 and 18?
6
What is the greatest common divisor of 1122 and 33?
33
Calculate the highest common factor of 216 and 189.
27
Calculate the highest common divisor of 464 and 551.
29
What is the greatest common factor of 58 and 3132?
58
Calculate the highest common divisor of 16640 and 40.
40
Calculate the greatest common divisor of 195 and 30.
15
Calculate the highest common factor of 41 and 23411.
41
What is the highest common divisor of 72 and 180?
36
Calculate the highest common factor of 63 and 27153.
63
What is the greatest common factor of 60 and 2545?
5
What is the greatest common factor of 36 and 81?
9
Calculate the greatest common factor of 5699 and 417.
139
What is the highest common divisor of 435 and 960?
15
What is the highest common factor of 7560 and 792?
72
What is the highest common divisor of 87 and 3567?
87
Calculate the highest common factor of 513 and 10944.
171
What is the greatest common divisor of 116 and 32?
4
Calculate the highest common factor of 1276 and 154.
22
Calculate the greatest common divisor of 184 and 23.
23
Calculate the highest common divisor of 3708 and 180.
36
What is the greatest common divisor of 12 and 102?
6
Calculate the highest common factor of 539 and 154.
77
Calculate the highest common divisor of 33 and 297.
33
What is the greatest common factor of 75 and 420?
15
What is the greatest common divisor of 9 and 48?
3
Calculate the greatest common factor of 24 and 6852.
12
Calculate the greatest common divisor of 69 and 4577.
23
Calculate the highest common divisor of 320 and 180.
20
Calculate the greatest common factor of 3611 and 161.
23
Calculate the highest common divisor of 45 and 1341.
9
Calculate the greatest common factor of 9607 and 13.
13
Calculate the highest common factor of 114 and 6.
6
What is the greatest common factor of 808 and 24?
8
What is the highest common divisor of 23775 and 15?
15
What is the highest common factor of 137 and 81241?
137
Calculate the highest common factor of 2654 and 2.
2
Calculate the highest common factor of 42 and 6.
6
What is the highest common divisor of 11427 and 6?
3
Calculate the highest common divisor of 24 and 304.
8
Calculate the greatest common factor of 16 and 1440.
16
What is the highest common divisor of 5079 and 1?
1
Calculate the greatest common factor of 15 and 144.
3
Calculate the highest common divisor of 1577 and 95.
19
What is the highest common factor of 16 and 134?
2
Calculate the highest common factor of 266 and 56.
14
Calculate the highest common divisor of 264 and 44.
44
What is the greatest common factor of 606 and 66?
6
Calculate the highest common factor of 12 and 508.
4
Calculate the greatest common divisor of 162 and 54.
54
Calculate the highest common factor of 1230 and 42.
6
Calculate the greatest common divisor of 1 and 353.
1
What is the greatest common factor of 70 and 80?
10
What is the greatest common factor of 39 and 6?
3
What is the highest common divisor of 815 and 1?
1
What is the greatest common factor of 55 and 5?
5
Calculate the greatest common divisor of 69 and 184.
23
What is the greatest common factor of 152 and 176?
8
Calculate the highest common divisor of 31148 and 13.
13
What is the greatest common divisor of 132 and 12?
12
Calculate the greatest common divisor of 210 and 30.
30
What is the greatest common factor of 2325 and 75?
75
What is the greatest common divisor 